 greatest common factor of z and 38.
19
Let o = -14 + 38. Let a = 722 + -728. Let w be o/(-9)*(a/(-4) + -3). Calculate the greatest common divisor of w and 16.
4
Let a be 7*36/(-84) + 201. Let x(t) = t**3 - 7*t**2 + 3*t + 1. Let m be x(7). Calculate the greatest common factor of m and a.
22
Suppose -66*w = -23*w - 26707 - 18013. Calculate the greatest common divisor of w and 325.
65
Let r be 148 - 111 - (-3 + 25). Let b be (25 - 0)*(-576)/(-15). Calculate the highest common factor of r and b.
15
Let o = 1882 - 1816. What is the greatest common divisor of 1617 and o?
33
Suppose 25 = 2*c + 3*c. Let d(g) = 3 + 6 - 3 + c*g - 4*g. Let l be d(7). What is the highest common factor of l and 65?
13
Suppose -14 = -2*s - 4*r, -31 = r - 27. Calculate the highest common factor of s and 4965.
15
Suppose 0 = -4*i - 526 + 2110. Calculate the greatest common divisor of 231 and i.
33
Let u be 21 + -40 + 12 - (-55 + 0). Calculate the greatest common factor of 30 and u.
6
Suppose 201 - 183 = 6*r. Let k be ((-4)/(24/(-38)))/(r/9). Let y be 418*((-10)/4)/(-5). Calculate the highest common divisor of y and k.
19
Let z be 6/((-108)/99)*-2 + -1. What is the greatest common factor of 30230 and z?
10
Let p be 6/8*(-3 - -15). Suppose 6 = c + p, 45 = 5*w - 5*c. Suppose -4*u + 360 = w*u. What is the greatest common divisor of 54 and u?
18
Let x(o) = -5*o + 75 - 3*o - o**2 + 69 - 147. Let m be x(-4). Let l = 23 + m. Calculate the greatest common factor of 9 and l.
9
Let q = -201760 - -202075. Suppose -143 = -0*s - s - 2*b, 3*b + 393 = 3*s. Calculate the highest common divisor of s and q.
45
Let m = 308 - 205. Let j = 264 - m. Calculate the highest common divisor of j and 23.
23
Let n be 1*172*((-6)/(-14))/(732/854). What is the greatest common factor of 56846 and n?
86
Let a(q) = 2*q**2 + 170*q + 3558. Let i be a(-37). Let f(x) = x**2 + 2*x - 1. Let h be f(1). Calculate the greatest common factor of h and i.
2
Let h be ((-104)/10)/((-22)/55). Suppose 6*n = n - 2*c + h, -5*c = -5*n + 5. Let v be (15 - 7) + n/(-1). Calculate the highest common factor of 28 and v.
4
Suppose 4*r = 4*u + 9384, -112*u = 3*r - 116*u - 7034. Calculate the greatest common factor of 400 and r.
50
Suppose 4*z = 4*w + 280, 4*z - 280 = -10*w + 6*w. Suppose 3*v - 150 = -2*v. What is the greatest common divisor of v and z?
10
Let a(m) = -7427*m - 515. Let k be a(-1). Calculate the highest common divisor of 54 and k.
54
Let s(k) = -2*k + 42. Let h be s(-10). Let n = -116 + h. Let g be (n/(-8))/((-3)/(-16)). What is the highest common factor of 3 and g?
3
Let f(m) = m**3 - 2*m**2 - 5. Let u be f(5). Suppose 4*t = 2*h + 1402, 3*h + 425 = t + 77. Let w = t - 341. Calculate the greatest common factor of u and w.
10
Let c be (18 - 5 - -22783)/(3 + -1). Calculate the highest common factor of c and 556.
278
Let f = 60 + -102. Let g be 0/((-10)/(-2)) + -2. Let j be (g - -3*(-3)/18)*f. Calculate the highest common divisor of 42 and j.
21
Let y = 98 - 92. Let a be (-32)/8 + y/3 + 4. Suppose 0*d - 2*t + 234 = 5*d, 2*d = -a*t + 96. Calculate the highest common factor of d and 115.
23
Suppose 7*i + 2 = 8*i, 838 = 3*p + 2*i. What is the greatest common divisor of 2363 and p?
139
Suppose 2997*w = 2965*w + 1920. Let t = 132 - 36. What is the greatest common divisor of w and t?
12
Let r be 43 + -29 + 0 + 2. Suppose -5 = -5*f + 5*y + 30, -f - 2*y + r = 0. Let k be -2 + (-8)/6*-24. What is the greatest common divisor of k and f?
10
Let f = 5 + -2. Suppose h - 35 = -f*j, j + j + 3*h = 21. Let q = -42225 - -42261. What is the highest common divisor of j and q?
12
Let y be 194/(-679)*-28*398. Calculate the greatest common divisor of y and 597.
199
Suppose -29 = 4*d - 53. Let j be (d/4)/(4/8). Suppose 3*f + 3*c - 112 = 4*c, 0 = -2*f + j*c + 70. What is the highest common divisor of f and 95?
19
Suppose -3*g = -2*o - 1650, g = -7*o + 5*o - 1642. Let x = 856 + o. Calculate the greatest common factor of 119 and x.
17
Let n(r) = 2*r + 7 + 13*r - 52*r. Let j be n(-2). What is the greatest common factor of j and 54?
27
Let z(p) be the first derivative of 3*p**2/2 - 11*p + 99. Let j be z(6). What is the greatest common factor of 343 and j?
7
Let l be (-1 - 1)/((-34)/(-68)) - -1082. What is the greatest common divisor of l and 385?
77
Let v(w) = 26*w + 111. Let t be v(-4). Let j be ((-84)/(-18))/(1/48). Calculate the highest common factor of t and j.
7
Let q be 5 - (4 - 20/5). Suppose -15 - q = 4*i. Let w be 20 - (0/i + 0). Calculate the highest common factor of 100 and w.
20
Suppose -2*h = -3*h + 10. Suppose 13*g - 855 - 1667 = 0. Let b = 284 - g. Calculate the greatest common divisor of h and b.
10
Let p = -6642 - -7154. What is the greatest common factor of p and 52?
4
Suppose -3*g + 99 = 3*b, 0 = 4*b - 9 - 3. Suppose -g*w - 50 = -32*w. What is the highest common factor of w and 400?
25
Let m be -1 - ((-17)/(-2))/(11/(-22)). Let u be 12/(1/1)*m/24. Suppose -4*i + u*i + l = 86, 2*i - 34 = 4*l. Calculate the highest common divisor of i and 3.
3
Suppose 59 = -10*g + 663 - 44. Let v be 50/15*(-1344)/(-10). What is the greatest common divisor of g and v?
56
Let o = -8968 + 8991. What is the greatest common divisor of 4393 and o?
23
Suppose -o + 4*p = -42, 5*o + 3*p - 81 = 2*o. Suppose 5*z = -2*q + 18, -2*q + 13*z - 12*z = -o. What is the highest common factor of 210 and q?
14
Let q(k) = -86*k + 2134. Let f be q(-3). Calculate the greatest common divisor of 338 and f.
26
Let b(h) = -5*h - 20. Let l be (7/(-14))/(2/(-56)). Suppose 18*q - l*q = -24. Let g be b(q). What is the highest common factor of 40 and g?
10
Suppose -6 = 2*v, 4*a + v = -3*v - 12. Suppose a = 2*x + d - 80, 3*d = -x + 2*x - 54. Calculate the highest common divisor of x and 14.
14
Let s(w) = -3*w**3 - 62*w**2 + 69*w - 7. Let t be s(-24). Calculate the highest common divisor of 51 and t.
17
Suppose 53*d = 51*d + 24. Suppose -468 = -d*a + 6*a. What is the highest common divisor of a and 39?
39
Let l be (-3264)/((-6)/(-8)*26/(-39)). Suppose -23*o + l = -17*o. What is the greatest common divisor of 68 and o?
68
Let b be (9 - 6) + (-13 - -13 - (1 + -1548)). What is the greatest common factor of b and 675?
25
Let q be (715/15 + 0 + -11)/((-4)/(-30)). Calculate the highest common factor of 77 and q.
11
Let f be (12 - 7) + -6 - (-30)/2. Suppose -f*o - 51 = -975. Calculate the highest common factor of 66 and o.
66
Let f be (-6)/(20449/2926 - 7). What is the greatest common factor of f and 1197?
133
Suppose 27*x - 10 = y + 29*x, 2*x - 8 = 2*y. Let f be (-2)/(y - 0) + 15015/99. Calculate the highest common divisor of 8 and f.
8
Let u(o) = -1457*o + 1740. Let f be u(-2). What is the highest common factor of 104 and f?
26
Suppose 35*t - 5328 = 23*t. Let x = -376 + t. What is the highest common divisor of 221 and x?
17
Let u(t) = -30 - 23 + 25*t - 97 - 114 - 3*t. Let m be u(34). Calculate the greatest common factor of 44 and m.
44
Suppose 0 = -3*s + 5*p + 592, 32*p - 28*p + 800 = 4*s. Calculate the highest common divisor of s and 1275.
51
Suppose 2*w = 3*a - 56, -3*a + 29 = -w + 1. Let x = -5 - w. Let s = x - -164. Calculate the greatest common divisor of 17 and s.
17
Suppose 6 - 214 = -52*n. Calculate the highest common divisor of 14384 and n.
4
Let s = 2123 - 1242. Let d = s + -551. Suppose 16*n = 11*n + d. Calculate the greatest common divisor of n and 44.
22
Let f = -236 + 262. Let t(b) = 10*b - 202. Let z be t(f). Calculate the highest common divisor of 928 and z.
58
Let m be (-2 - 3)/(-1)*3. Suppose 2*p - h = 152, 0 = 3*h - 12. Suppose 208*b - p = 195*b. Calculate the greatest common factor of b and m.
3
Let d(k) = 57*k**3 + 9*k**2 - 16*k + 21. Let o be d(4). What is the greatest common factor of 23 and o?
23
Let t = -1230 + 1962. Suppose 0 = -7*w + 2*w, -2*z = -2*w + 936. Let j = z + t. Calculate the highest common factor of 24 and j.
24
Suppose 15 = -v - 4*l + 41, -4*l = -3*v + 110. Suppose m - n = 3*m - 93, 18 = -2*n - 0. What is the highest common divisor of m and v?
17
Let l be (-1)/6 - 91/(-546). Suppose l = 17*n - 13*n - 72. Calculate the greatest common factor of 18 and n.
18
Let j be 1472 + (-180)/(-46) + 24/276. Calculate the greatest common divisor of 1599 and j.
123
Suppose g + 9*c = 12*c + 105, 5*g = 6*c + 462. What is the highest common divisor of g and 1029?
21